Is 17922690 a multiple of 48?
False
Is 82108875 a multiple of 1735?
True
Is 2251 a factor of 235578405?
True
Does 2900 divide 838354495?
False
Does 6 divide 2274210?
True
Does 6 divide 439647298?
False
Is 2339518860 a multiple of 8631?
True
Is 937758327 a multiple of 95?
False
Is 601 a factor of 46855430?
False
Does 63 divide 51151842?
True
Is 11 a factor of 91043803?
False
Is 14 a factor of 382712904?
True
Does 72 divide 702559843?
False
Is 53 a factor of 1248818701?
True
Does 11 divide 553414983?
True
Is 116199992 a multiple of 292?
False
Does 17 divide 12481512?
False
Does 359 divide 1692053160?
True
Does 150 divide 1566946950?
True
Does 80 divide 183669875?
False
Is 940 a factor of 8047126?
False
Does 14 divide 2410772?
True
Is 529 a factor of 86723202?
True
Does 169 divide 291233607?
False
Is 1022 a factor of 69515891?
False
Is 5 a factor of 9412460?
True
Is 31 a factor of 767217979?
False
Is 1258 a factor of 94055455?
False
Is 72197415 a multiple of 5?
True
Is 14 a factor of 61133135?
False
Is 53987123 a multiple of 743?
True
Is 103 a factor of 66104633?
False
Is 12 a factor of 47269389?
False
Does 48 divide 3896609?
False
Is 122705380 a multiple of 290?
True
Is 11 a factor of 21390710?
True
Is 16 a factor of 77151856?
True
Is 9 a factor of 51707603?
False
Is 89 a factor of 23785784?
True
Is 581968295 a multiple of 1602?
False
Does 992 divide 2743713280?
True
Does 7455 divide 2804578455?
True
Does 25 divide 270995755?
False
Is 6 a factor of 40234115?
False
Is 143 a factor of 2687971?
True
Does 29 divide 399607936?
True
Is 152325024 a multiple of 96?
True
Is 588214903 a multiple of 2507?
True
Is 460189314 a multiple of 47?
True
Is 956302251 a multiple of 317?
False
Is 256 a factor of 399299493?
False
Is 226 a factor of 336019964?
True
Is 5925194 a multiple of 22?
True
Does 489 divide 62807840?
False
Is 250175487 a multiple of 31?
True
Does 3 divide 3809505?
True
Is 348 a factor of 11939880?
True
Is 57982840 a multiple of 10?
True
Does 168 divide 337635144?
True
Is 2859 a factor of 1998441?
True
Is 418 a factor of 183829294?
True
Is 128560327 a multiple of 332?
False
Does 510 divide 61048398?
False
Is 10 a factor of 70229030?
True
Is 34 a factor of 8222062?
False
Is 197562084 a multiple of 6?
True
Is 239282468 a multiple of 109?
True
Is 101 a factor of 38671908?
False
Is 275113120 a multiple of 37?
False
Is 11 a factor of 1883436?
False
Is 1549 a factor of 1446414?
False
Is 160510919 a multiple of 25?
False
Does 8 divide 877645109?
False
Is 138547290 a multiple of 15?
True
Is 6919391776 a multiple of 88?
True
Is 54311040 a multiple of 28?
True
Does 36 divide 40478115?
False
Is 611430954 a multiple of 6?
True
Is 20839022 a multiple of 7?
False
Does 8 divide 316913999?
False
Is 1202807706 a multiple of 2541?
False
Is 255 a factor of 3889146?
False
Does 59 divide 42550834?
False
Is 84 a factor of 204604888?
False
Is 190 a factor of 25877620?
True
Is 155 a factor of 30003358?
False
Is 483 a factor of 143357261?
False
Is 7358477 a multiple of 4?
False
Does 91 divide 21413210?
True
Is 1172509820 a multiple of 586?
True
Is 29044831 a multiple of 23?
False
Does 8 divide 4780424?
True
Is 140 a factor of 3199531339?
False
Is 68 a factor of 5486605146?
False
Does 29 divide 960561896?
True
Is 14 a factor of 1458921016?
True
Does 87 divide 111983964?
True
Is 67940079 a multiple of 3313?
False
Is 15 a factor of 305568900?
True
Does 68 divide 697377641?
False
Is 2 a factor of 66356815?
False
Is 9 a factor of 437994505?
False
Does 9 divide 17325968?
False
Does 824 divide 848289048?
True
Does 21 divide 9558716?
False
Is 271180322 a multiple of 3717?
False
Is 88752190 a multiple of 1735?
True
Is 241444391 a multiple of 4356?
False
Is 47865555 a multiple of 9?
True
Is 30 a factor of 2201430?
True
Does 280 divide 446645?
False
Does 15 divide 7721508?
False
Does 5620 divide 210232960?
True
Does 57 divide 2931576291?
True
Is 185675424 a multiple of 12?
True
Is 84 a factor of 8833104?
True
Does 151 divide 19153380?
False
Is 44 a factor of 168573587?
False
Is 433457481 a multiple of 23?
False
Is 541860 a multiple of 165?
True
Does 149 divide 5681587?
False
Is 35029195 a multiple of 1434?
False
Does 28 divide 11559576?
True
Is 1265199209 a multiple of 160?
False
Does 2182 divide 900954346?
True
Does 10 divide 72713339?
False
Is 58 a factor of 2047682750?
True
Is 227 a factor of 53556337?
True
Is 28476464 a multiple of 59?
False
Is 39731505 a multiple of 15?
True
Does 10 divide 1938296791?
False
Is 138946923 a multiple of 9?
True
Is 79 a factor of 22927581?
False
Is 303 a factor of 1670341488?
False
Is 1603434 a multiple of 255?
False
Is 5715879 a multiple of 339?
True
Is 258 a factor of 18037812?
True
Does 20 divide 86884635?
False
Is 62060046 a multiple of 21?
False
Is 198224763 a multiple of 57?
False
Is 666514710 a multiple of 4282?
True
Does 243 divide 297020115?
True
Is 998771722 a multiple of 58?
False
Is 18847166 a multiple of 46?
True
Is 829631821 a multiple of 492?
False
Does 2970 divide 333168660?
True
Does 619 divide 5735277648?
True
Is 570 a factor of 1000126076?
False
Does 313 divide 147241460?
True
Is 56271192 a multiple of 23?
False
Does 42 divide 370612620?
True
Does 1426 divide 26703276?
True
Does 11 divide 3759840392?
True
Is 46471139 a multiple of 403?
True
Does 12 divide 5591795359?
False
Is 52703135 a multiple of 109?
True
Is 4818 a factor of 19775996?
False
Is 21561421 a multiple of 152?
False
Does 292 divide 160631244?
True
Is 71 a factor of 11441082?
True
Does 239 divide 6272062543?
False
Is 1091979087 a multiple of 159?
True
Does 64 divide 91159976?
False
Does 174 divide 6873345893?
False
Is 89433127 a multiple of 990?
False
Does 8 divide 345571464?
True
Is 208 a factor of 537504004?
False
Is 222087 a multiple of 400?
False
Is 2561 a factor of 4074931128?
False
Does 212 divide 231068178?
False
Is 5 a factor of 907865985?
True
Is 3326 a factor of 256924373?
False
Does 4 divide 34818489?
False
Is 1251734143 a multiple of 11?
True
Is 7014147 a multiple of 15?
False
Is 2114132 a multiple of 101?
True
Does 9 divide 7098354?
True
Does 2751 divide 43826181?
True
Does 26 divide 75354839?
False
Is 304010333 a multiple of 59?
False
Is 211 a factor of 17681464?
False
Is 23 a factor of 7873441902?
False
Does 36 divide 70382397?
False
Is 761648720 a multiple of 112?
True
Does 1087 divide 304887542?
False
Is 52849787 a multiple of 9?
False
Is 10 a factor of 6566460?
True
Is 22 a factor of 18370638?
True
Is 62 a factor of 847226218?
True
Is 1895759840 a multiple of 10270?
True
Is 431 a factor of 42846950?
False
Does 194 divide 48796238?
True
Is 12 a factor of 5174220?
True
Does 945 divide 98070210?
True
Does 19 divide 1471640497?
True
Is 63240260 a multiple of 10?
True
Is 11 a factor of 240953873?
False
Is 14 a factor of 20854708?
True
Does 395 divide 689357242?
False
Is 88392569 a multiple of 12?
False
Is 8 a factor of 13013176?
True
Is 558549563 a multiple of 17?
False
Does 2 divide 72737864?
True
Does 8319 divide 1730722369?
False
Is 80 a factor of 19543440?
True
Does 13 divide 72205354?
True
Is 1773 a factor of 114074560?
False
Is 39 a factor of 34680092?
False
Is 2160972544 a multiple of 368?
True
Is 54015113 a multiple of 64?
False
Is 43467338 a multiple of 125?
False
Is 1776 a factor of 34257264?
True
Is 1074 a factor of 162539440?
False
Is 1374405098 a multiple of 22?
True
Does 9 divide 21040902?
True
Is 12233537 a multiple of 1093?
False
Does 197 divide 9915884?
False
Is 57075463 a multiple of 1782?
False
Is 985 a factor of 38904545?
True
Does 564 divide 7082712?
True
Does 11 divide 188421211?
True
Is 20 a factor of 57877405?
False
Is 108 a factor of 111474576?
True
Does 6706 divide 1085387198?
False
Does 28 divide 645514453?
False
Is 404 a factor of 286515184?
True
Is 48085197 a multiple of 142?
False
Does 25 divide 219605900?
True
Is 103 a factor of 66343948?
True
Is 1052 a factor of 276593944?
True
Is 45968910 a multiple of 1555?
True
Is 14 a factor of 125190884?
True
Is 208491748 a multiple of 4?
True
Is 13 a factor of 4015803160?
False
Is 39 a factor of 32590896?
True
Is 1553 a factor of 20133092?
True
Is 353 a factor of 1647347?
False
Is 12 a factor of 133933824?
True
Does 2947 divide 51261509?
False
Does 3181 divide 306212603?
True
I